2
Suppose 2*y - y - 37 = 0. Suppose -3*o + 5*a = -y, -3*a = o - 16 - 15. Let i = o + -9. Calculate the greatest common factor of i and 25.
5
Suppose 973 = 6*n - 167. Calculate the highest common divisor of n and 20.
10
Suppose -6 = -z + 11. Suppose 0 = 5*r - 3*l - 8, 4*r + 0*l - 12 = l. Suppose -2*p + r = -6*p, -4*s + 4*p = -140. What is the highest common divisor of z and s?
17
Let k be 1 + -4 + (5 - 2). Let b be 0 + k + -4 + 6. Suppose b*z - 31 = -z - 4*c, 100 = 5*z - 3*c. Calculate the highest common factor of z and 187.
17
Suppose -3*p + 56*g - 54*g + 15 = 0, 5 = -p + 4*g. What is the greatest common factor of 175 and p?
7
Let p be ((-4)/3*-3)/2. Let o(l) = 5*l**p - 3 + 1 + 3. Let u be o(-1). Calculate the highest common divisor of u and 30.
6
Suppose -4*p = 3*g - 371, 2*p - 3*p + 104 = 3*g. Calculate the highest common factor of 356 and p.
89
Let a(v) = -v**2 - v + 28. Let c be a(0). Let k be (-1 - -7)*c/8. What is the greatest common divisor of 21 and k?
21
Let n(o) be the first derivative of -o**2/2 + 17*o - 6. Let l be n(-7). Calculate the greatest common factor of 8 and l.
8
Let l = -457 + 590. What is the highest common factor of 21 and l?
7
Let k(l) = -l + 71. Let u be k(20). Calculate the highest common factor of 6 and u.
3
Suppose -4*k - 108 = -4*c, 5*c - 34 = -4*k + 110. What is the highest common divisor of 7 and c?
7
Let l(o) = 11*o - 2*o**2 + 7*o**2 + 8 - 6*o**2. Let i be l(12). Let y be 3 - (-59 - i - -2). What is the highest common factor of 8 and y?
8
Let h(p) = -3*p**2 + 74*p - 35. Let n be h(24). What is the greatest common divisor of n and 273?
13
Let l(z) = 4*z**2 + 8*z - 18. Let k be l(-9). Suppose -k = -6*r + 252. Let o = -37 + 46. What is the greatest common divisor of o and r?
9
Suppose 3985 - 3061 = 7*o. What is the greatest common factor of o and 84?
12
Let y = 434 + -294. Calculate the greatest common factor of y and 224.
28
Let d(i) be the third derivative of -i**5/60 - i**4/2 + i**3/6 - 11*i**2. Let l be d(-5). Let n = 39 - l. Calculate the highest common divisor of 9 and n.
3
Let d = -172 + 186. What is the greatest common factor of d and 378?
14
Let r = 41 + -23. Let u be 1 + 14/3 - 12/r. What is the highest common factor of 5 and u?
5
Let x(u) = -u**3 - 8*u**2 + 17*u + 10. Let w be x(-10). What is the greatest common divisor of 60 and w?
20
Let g be (-2)/(-9) + (-61)/(-9). Let s(f) be the first derivative of f**2/2 - 5*f - 3. Let y be s(g). Calculate the highest common divisor of 18 and y.
2
Suppose -2*t + 5*c - 18 = 0, 4*t + 30 = -t + 5*c. Let a be 6/(-8) - 43/t. What is the greatest common factor of a and 1?
1
Let h(q) = 3*q**2 - 62*q - 81. Let k be h(22). Suppose 2*p + 48 = 2*o - 100, -3*o + 246 = 5*p. What is the greatest common factor of o and k?
7
Suppose 184 = g + 3*g - z, 3*g + 5*z - 115 = 0. Let w be 18*5/g*6. Calculate the highest common divisor of w and 84.
12
Let u(n) = n**2 + 8*n - 14. Let w be u(6). What is the highest common factor of 10 and w?
10
Let z(b) = -b + 8. Let c be z(5). Let h be (100/4 - c) + -2. Calculate the highest common factor of h and 5.
5
Suppose 0 = -2*y + 7*y - 10. Let f be y/20*-2*3*-45. Calculate the highest common factor of f and 27.
27
Suppose -3*l - p = -6*p - 165, 15 = 5*p. Suppose 5*f = 3*f + l. Suppose -f*v = -35*v + 440. Calculate the greatest common divisor of v and 8.
8
Let i be ((-40)/(-6))/((-4)/(-60)). Suppose -i - 316 = -4*r. What is the highest common factor of r and 13?
13
Let x be (-70)/3*(-18)/7. Calculate the highest common factor of 330 and x.
30
Suppose -26*r - 10*r = -2*r - 1632. Suppose -90 = -0*b - 2*b. Suppose 8*t = 3*t + 4*q + 72, -3*q = -3*t + b. Calculate the highest common factor of r and t.
12
Suppose -18 + 62 = 4*t. Suppose 137 = 3*x + s - 230, -589 = -5*x + 4*s. What is the highest common factor of t and x?
11
Let b = -83 + 188. What is the greatest common factor of b and 21?
21
Suppose 0*a - a = 8. Let i(y) = 30 - 20 + y**2 + 10*y - 2*y. Let o be i(a). What is the greatest common divisor of o and 70?
10
Let q(h) = -2*h**2 + 11*h - 6. Suppose -5*r + 15 = 5*p, -r - 3*p + 2 = 1. Let g be q(r). Calculate the highest common divisor of 15 and g.
3
Let u(c) = -c**3 - 8*c**2 + 15*c + 16. Let n be u(-10). Let g be (-1)/(-1) - (2 - n). What is the greatest common factor of 13 and g?
13
Suppose 0*s = -3*a - 3*s, -4*a = -3*s + 7. Let k be 0 - -47 - (-2)/a. Calculate the highest common factor of k and 5.
5
Let b(j) = j**2 + 5*j + 6. Let g be b(-7). Let a = 33 - g. Let p = a - 12. Calculate the greatest common divisor of 1 and p.
1
Let n(k) = -k - 12. Let d be n(-8). Let u = -1 - d. Let i be (u - 6)/(12/(-176)). What is the greatest common factor of 4 and i?
4
Let u = 57 - 27. Let d be 6*1*(4 - 3). What is the highest common divisor of u and d?
6
Let c be (-264)/(-8)*((-8)/6)/(-4). Suppose -3*w = -b - 227, -5*w + 170 = 3*b - 227. Calculate the greatest common divisor of c and w.
11
Suppose -2*m + 1208 = 4*v - 2*v, -5*m + 20 = 0. Calculate the highest common factor of v and 8.
8
Let p = 74 - 25. Let z = p + -22. Suppose 4*l - 4*t = 60, t - z = -l - 2*t. Calculate the highest common factor of l and 180.
18
Let g be -3 - (-4)/(-8)*-14. Suppose -5*u + 71 = 3*f, -2*u = g*f - 3*f - 29. Calculate the highest common factor of 4 and u.
4
Suppose -4*d + 1 = -15. Suppose 5*h + 24 = l - 8, -5*h = -d*l + 98. What is the greatest common factor of l and 154?
22
Let t be ((-2)/6)/((-8)/120). Suppose 7 = i - t. What is the highest common factor of 30 and i?
6
Let y = 34 - 28. Let g be ((-33)/(-4))/(y/56). What is the greatest common divisor of g and 11?
11
Let s be ((-18)/10)/((-36)/1680*2). Calculate the highest common divisor of s and 1442.
14
Suppose 40*r - 36*r = 16. Suppose -4*s + 6 - 2 = 0, -r*n + 2*s = -894. What is the greatest common divisor of 14 and n?
14
Suppose n + n - 4 = 0. Suppose -2*w + 198 = 4*s, 0 = -2*w - n - 0. What is the greatest common divisor of 10 and s?
10
Let f = -107 - -263. Calculate the highest common divisor of f and 36.
12
Let y = -74 - -323. Suppose 0 = 5*m - 81 - y. Suppose -3*z + 21 = w - 2, -3*z + w = -13. What is the highest common divisor of z and m?
6
Suppose 14*b - 19 - 149 = 0. Let z be 3/(-2*3/(-8)). Calculate the greatest common divisor of b and z.
4
Suppose -245 = -q - m, q + q = 3*m + 465. Calculate the highest common factor of q and 12.
12
Suppose 300 = -87*f + 102*f. Calculate the highest common divisor of 220 and f.
20
Suppose c + 483 = 2*a, -3*a - 2*c = -3*c - 723. What is the highest common factor of a and 60?
60
Let y = 40 + 20. Calculate the highest common factor of 72 and y.
12
Suppose 0 = 9*u - 1775 + 713. Suppose -11*b = -u - 69. What is the greatest common divisor of b and 221?
17
Suppose 392 = 20*v - 368. Calculate the greatest common divisor of v and 8.
2
Let i = -186 + 586. Let t be (-6)/4*i/(-24). Suppose 39*r = 32*r + 175. What is the greatest common divisor of t and r?
25
Let k(y) = -y**3 - 6*y**2 - 3*y - 9. Let g be k(-6). Let s be (-2165)/(-15) - 3/g. Calculate the greatest common factor of s and 36.
36
Suppose 2*l = -2*g - 2 + 12, g - 5 = l. Suppose 2*s = -l*s + 8. Suppose -19 = -u + s*r - 7*r, -7 = 2*u - 3*r. Calculate the highest common divisor of 28 and u.
4
Suppose -5*z - 36 = -5*s + 9, -4*z + 6 = 3*s. Let j be ((-10)/7)/(s/(-21)). Calculate the highest common factor of j and 15.
5
Let g(i) = i - 12. Let x be g(10). Let q be 4/(x/(-4)*-2). Let n be 45/10 - (-6)/q. Calculate the highest common factor of 3 and n.
3
Suppose 4*v - 12 = 12. Let u(d) = 2*d**2 - 6*d - 8. Let k be u(v). Calculate the highest common divisor of k and 14.
14
Let t(r) = 5*r**2 + 100*r - 91. Let i be t(-21). Suppose 2*j + 504 = 6*j. Calculate the greatest common factor of i and j.
14
Let x = 2146 + -2085. Calculate the greatest common factor of 1281 and x.
61
Let n be -9 + 11 + 2 + 0. Suppose -o - 55 = n*k - 9*k, 5 = -k - 3*o. What is the highest common divisor of 15 and k?
5
Let x = 358 + -230. Calculate the highest common factor of x and 208.
16
Suppose 0*j + 52 = -2*j. Let i = j - -26. Suppose i = -3*c + 111 + 234. Calculate the greatest common divisor of c and 46.
23
Suppose -6*j - 44 = -2*j. Let k = 9 + j. Let q be (3 + k)/((-1)/(-4)). What is the highest common factor of 44 and q?
4
Suppose 3*o + 4*d = 336, 2*o + 188*d -